o?
2
Let d = 57 - 43. What is the highest common divisor of 35 and d?
7
Suppose -510 - 890 = -8*n. Calculate the highest common factor of n and 100.
25
Let t be 7/1*(-10)/(-35). Suppose s + 3*z = 123, -5*s + 506 = t*z - 122. What is the greatest common factor of s and 28?
14
Let n = 3 + 2. Suppose -n*g + 220 = -g. What is the highest common factor of g and 5?
5
Suppose -5*b + 31 = 11. Let j(r) = -1 + r + r + b*r - 1. Let g be j(3). Calculate the highest common divisor of 2 and g.
2
Suppose 0 = 127*m - 152*m + 6525. Calculate the greatest common divisor of 6 and m.
3
Let o = -430 + 437. What is the highest common factor of o and 8?
1
Let q = 114 + -88. What is the greatest common divisor of 52 and q?
26
Let z = -813 - -1151. Calculate the highest common factor of 26 and z.
26
Suppose -26*m + 10*m + 1792 = 0. What is the greatest common factor of 7 and m?
7
Suppose 53*l - 61*l + 112 = 0. What is the highest common factor of l and 630?
14
Let g(t) be the third derivative of 17*t**4/24 + 4*t**3/3 - 9*t**2. Let y be g(4). What is the highest common divisor of 19 and y?
19
Suppose -34 = -13*w - 8. Suppose -8*g = -14 - w. What is the greatest common divisor of 5 and g?
1
Suppose 0 = -27*f + 33*f - 9636. Calculate the highest common factor of f and 22.
22
Let l = 48 - 38. Calculate the greatest common factor of l and 2.
2
Suppose -3*g + 9 = 3*r - g, 2*r - g = -1. Suppose -2*y = 3*a - 11, -60 = -5*a - 0*a + 5*y. What is the highest common factor of a and r?
1
Let q be (17 + -12)/(-2 + 3). Suppose -209 = -4*z - q*a, -43 = -z + 3*a - 12. Calculate the greatest common divisor of z and 23.
23
Let z(n) be the second derivative of -63*n**5/20 + n**3/2 + 3*n**2/2 - 33*n. Let r be z(-1). Let j = -9 - -51. Calculate the highest common divisor of j and r.
21
Suppose 22*z - 3*z = 475. What is the highest common factor of 75 and z?
25
Let h = -31 - -36. Suppose 1 = 3*f + h*t, 0 = 3*f + 2*t - t - 5. Calculate the highest common divisor of f and 5.
1
Suppose f + 21 = -31. Let q = f - -82. Let u = q - 18. Calculate the greatest common divisor of u and 6.
6
Let w = 71 + -52. Calculate the greatest common divisor of 76 and w.
19
Suppose -180 - 513 = -3*q. What is the highest common factor of q and 132?
33
Let d be 15/25 - 4/(-10). Suppose 5 - 20 = 3*n, 4*n = i - 24. Calculate the greatest common factor of d and i.
1
Let y(c) = c**3 + c**2 + 1. Let x(q) = 5*q**3 + 9*q**2 - 3*q + 3. Let j(n) = x(n) - 4*y(n). Let s be j(-4). What is the greatest common divisor of 135 and s?
27
Suppose 2*o + 42 = c, 4*o - 171 = -4*c - 3. Let u = 68 - c. Calculate the greatest common divisor of 13 and u.
13
Let v be ((-35)/14)/(3/(-6)). Suppose -3*x - 3*o = -237, -o - 355 = -v*x + 4*o. What is the highest common divisor of 15 and x?
15
Suppose -49 = -6*n + 3*n + 2*f, 4*n - 88 = -3*f. What is the highest common factor of n and 76?
19
Suppose -2*w + 20 = -18. Let c = -8 + w. Suppose -24 = -2*j + 20. What is the greatest common divisor of c and j?
11
Suppose -8*p + 12*p - 260 = 0. Calculate the greatest common divisor of 13 and p.
13
Suppose -3*h - q + 112 = 0, -4*q = -q - 12. Calculate the highest common divisor of 32 and h.
4
Let w be 8/6*9/(-6). Let j be 0/(w + 1) + 18. Let a(q) = 26*q**2 + 1. Let k be a(1). Calculate the greatest common divisor of k and j.
9
Let d(x) = 0 - x**2 + 3 + 5*x - 7. Let b be d(3). Suppose -a = -m + 23, -b*m + 30 = a - 19. What is the highest common divisor of m and 24?
24
Let p(c) = -21*c - 2. Let k(g) = 42*g + 3. Let m(x) = -3*k(x) - 5*p(x). Let b be m(-1). Let s = 2 + 0. What is the greatest common divisor of s and b?
2
Let b be 96/(-18)*(-21)/4. Let c(v) = v**3 - 4*v**2 - 4*v + 3. Let f be c(5). What is the greatest common divisor of f and b?
4
Suppose -3*t - 75*c + 76*c = -84, 3*t + 3*c - 60 = 0. Let z = -168 - -285. Calculate the greatest common factor of z and t.
13
Let t = -35 + 49. Let x(l) = l**3 - 8*l**2 + 7*l + 21. Let n be x(7). What is the highest common divisor of n and t?
7
Suppose 18 = 2*a + 3*d - d, -6 = -a - 4*d. Suppose 5*n + 220 = 3*w, n + 3*n + 304 = 4*w. Calculate the highest common divisor of w and a.
10
Let k = -498 + 545. What is the greatest common factor of 799 and k?
47
Let g = -83 - -89. Let r be 258/9*1 - 4/g. What is the highest common factor of r and 280?
28
Let p = -17 - -21. Suppose 4*d = 5*h + 60, -p*d + 88 = 6*h - 4*h. What is the highest common divisor of 12 and d?
4
Let z = -40 - -40. Suppose z = 2*i + 2*s - 3*s - 52, -2*s = -5*i + 130. Let h be (-2)/(-8) + 259/4. Calculate the greatest common factor of i and h.
13
Let i(u) = -15*u**2 + 4*u - 3. Let f be i(2). Let h = f + 99. Let m be 34/9 + -2*(-13)/117. What is the highest common divisor of h and m?
4
Suppose 272 = 2*f + f - 4*o, 4*o - 148 = -2*f. Suppose -63 = -2*p - 7. Calculate the greatest common factor of p and f.
28
Let l = -10 + 14. Suppose -5*o + 38 = 4*v - 2*o, l*v + 5*o - 42 = 0. Let k(x) = -x**2 - x + 40. Let h be k(0). Calculate the highest common factor of v and h.
8
Let d be 14 + ((1 - -4)/5 - 1). What is the highest common factor of d and 49?
7
Let g(s) = 2*s**2 + 2*s + 16. Let d be g(7). What is the highest common factor of d and 8?
8
Suppose 5*f - d - 28 = 0, -3*f = -0*f - 2*d - 21. Let i be ((-448)/(-5))/4*f. Calculate the highest common divisor of i and 14.
14
Suppose 31*u - 1560 + 1839 = 7533. Let s(q) = -q**2 - q + 18. Let p be s(0). Calculate the greatest common factor of p and u.
18
Suppose 143 = 5*p + 3*q, -5*p + 21 = -2*q - 117. Calculate the highest common factor of 140 and p.
28
Let a be ((-104)/5)/(4/(-20)). Suppose -4*o - a = -4*h, o - 2*o = -4. What is the greatest common divisor of 20 and h?
10
Let a(i) = -6*i - 9. Let g be a(-4). Let n(q) = -2 - 2 + 1 - 28*q + 0. Let y be n(-6). Calculate the highest common divisor of y and g.
15
Let a be -4*4/28 - (-106812)/84. What is the highest common factor of a and 31?
31
Let z(k) = -k**3 - 5*k**2 + 5*k - 16. Let l be z(-6). Let n be 2/((-6 + 1)/(l/4)). Calculate the greatest common divisor of 9 and n.
1
Suppose 5*s - 123 = -3*p, -4*p - p + 192 = 4*s. Let a(r) = -20*r - 10. Let j be a(-5). What is the greatest common divisor of p and j?
18
Suppose -9*g - 116 = -11*g. Suppose -12*l + 10*l = -2*b + g, 4*b - 117 = 3*l. Calculate the greatest common divisor of 60 and b.
30
Let g = -284 - -540. What is the highest common divisor of g and 16?
16
Suppose 20 = -4*k + 36. Let r be (3 - 15/(-3)) + k. Calculate the greatest common factor of 24 and r.
12
Suppose 6*b - b - 45 = 0. Suppose 7*q = b*q - 30. What is the highest common factor of 10 and q?
5
Let l(v) = 2*v**3 - 58*v**2 + 61*v + 107. Let q be l(28). Calculate the greatest common factor of q and 13.
13
Let w(c) = c**2 - 4*c - 4. Let v be w(5). Suppose 31 = d + v. Suppose -5*f + d = 2*i, -2*f - 16 = -6*f. Calculate the highest common factor of i and 5.
5
Let l = -332 + 452. What is the highest common divisor of l and 465?
15
Suppose -2*j = -7*j + 310. Let n be (-4)/8 - 41/(-2). Let o be (775/n)/((-1)/(-4)). What is the greatest common divisor of o and j?
31
Let g(v) = -2*v**2 + 21*v + 12. Let s be g(-10). Let t be (-2 - s/4)*(-4)/(-6). Calculate the highest common divisor of 26 and t.
13
Suppose 8 = 5*o + 4*k, -o + 2*k = -2 + 6. Suppose 6*j - 10*j + 144 = o. Let g(z) = z + 6. Let c be g(0). Calculate the greatest common factor of j and c.
6
Suppose -q - 3 = -76. Suppose 2*u - q = -5*l, -2*l - u + 33 = -4*u. What is the highest common factor of l and 165?
15
Suppose -4*j + 18 = 18. Let q be (110 - j)/(1/2). Calculate the highest common factor of 20 and q.
20
Let y = -24 + 26. Calculate the highest common factor of y and 41.
1
Let x = -2654 + 2866. Calculate the greatest common divisor of x and 4.
4
Let v(p) = 8*p + 12. Let y be v(2). Suppose -y + 15 = -l. Calculate the highest common factor of l and 13.
13
Let o(k) = k**3 + 6*k**2 + 5*k + 7. Let z = 7 + -6. Suppose -z = m + 4. Let d be o(m). Calculate the highest common divisor of 14 and d.
7
Let c be (-18)/(-4) + (-2)/4. Suppose 12*z = 118 + 194. Suppose -3*a + 4*v = -112, -22 = -a - c*v + z. Calculate the highest common factor of 5 and a.
5
Let c = 5 + 17. Suppose a + 3*w - 37 = 0, 0 = -2*w + 18 - 30. What is the highest common factor of a and c?
11
Let r be (1056 + (2 - 2))*(-27)/(-54). What is the hi